(base 7) in base 13?
7ba6b
What is 685290 (base 10) in base 8?
2472352
Convert -12054251 (base 7) to base 2.
-100000101110011100000
What is 303631 (base 13) in base 12?
461044
Convert 3a07a7 (base 16) to base 14.
70dd43
Convert 25566244 (base 7) to base 15.
31220a
68839 (base 11) to base 16
184b0
What is 12303215 (base 7) in base 11?
699296
What is 142133022 (base 7) in base 3?
122112110201020
What is 10100010001100000 (base 2) in base 16?
14460
149a23a (base 11) to base 4
21301101221
-4537474 (base 8) to base 12
-4b2bb8
2132533 (base 6) to base 4
121302021
What is 2c2751 (base 13) in base 9?
2042458
Convert -687377 (base 11) to base 3.
-2001112120211
What is -13483d (base 14) in base 6?
-22133451
a8732 (base 13) to base 7
2405331
What is -230724 (base 11) in base 10?
-366898
What is -a72a9 (base 11) in base 12?
-763b4
What is 5205163 (base 7) in base 8?
2302064
110101100 (base 3) to base 7
35214
What is 4143100 (base 5) in base 14?
1ad89
What is 574d7 (base 15) in base 3?
112010010211
-b249 (base 16) to base 8
-131111
Convert -744817 (base 12) to base 16.
-1bf793
What is -1022424 (base 7) in base 13?
-441b7
Convert -30663101 (base 7) to base 15.
-36178b
What is -11000001001111 (base 2) in base 11?
-9323
-3e56 (base 15) to base 8
-32054
10101111100100001101001 (base 2) to base 7
66620261
Convert 3233405 (base 7) to base 8.
1403362
What is -808302 (base 9) in base 6?
-14131045
Convert 32575 (base 10) to base 15.
99ba
Convert -1575738 (base 9) to base 15.
-124c25
Convert 1001111100100101 (base 2) to base 12.
1b6b1
Convert 12413 (base 5) to base 14.
503
What is 1100000001111101 (base 2) in base 8?
140175
Convert 3582c (base 15) to base 16.
29a60
What is ca909 (base 15) in base 6?
21442100
192944 (base 11) to base 3
120001212220
What is 1011001010010110000 (base 2) in base 8?
1312260
Convert -15443656 (base 9) to base 12.
-26b7136
What is 75ee (base 16) in base 7?
154006
What is -4d6ae (base 15) in base 7?
-2051465
15457 (base 14) to base 8
147405
Convert -10001001000010010 (base 2) to base 6.
-1300454
What is -832850 (base 9) in base 6?
-14332030
What is 22b977c (base 13) in base 4?
220323332222
What is 1331021120 (base 4) in base 14?
d4b44
4310412 (base 6) to base 15
42985
What is 2030022003 (base 4) in base 8?
2141203
What is -11001111100011001110 (base 2) in base 12?
-34bb7a
What is -41186 (base 12) in base 15?
-1a263
What is -30c6 (base 13) in base 8?
-15141
2804827 (base 9) to base 12
622667
Convert 16306034 (base 8) to base 9.
7077366
Convert -1320422 (base 6) to base 16.
-11c1e
What is -13aa781 (base 14) in base 10?
-9556093
What is -4ba92a (base 16) in base 10?
-4958506
-22036004 (base 8) to base 14
-8b32ba
100437 (base 8) to base 14
c091
Convert -5071140 (base 8) to base 3.
-2112002010122
12122121022 (base 3) to base 2
11011001010010000
-184582 (base 13) to base 9
-1128084
What is -20012222002 (base 3) in base 16?
-1de4f
Convert -1318663 (base 10) to base 11.
-820805
232714 (base 8) to base 4
103113030
Convert 8776226 (base 9) to base 12.
16b4966
12011310 (base 4) to base 5
1244243
What is 6123b (base 14) in base 10?
233685
Convert 23632103 (base 7) to base 16.
202d90
Convert -10202201200 (base 3) to base 2.
-10010000110110000
110001011010011 (base 2) to base 6
313043
-2536940 (base 10) to base 5
-1122140230
-1210111211 (base 3) to base 8
-105045
Convert -1134244200 (base 5) to base 6.
-132444101
Convert 1010001022101 (base 3) to base 15.
ba39a
What is -24114212 (base 6) in base 12?
-305968
What is 13a1727 (base 13) in base 12?
21051a7
What is -1210021202200 (base 3) in base 10?
-950445
Convert -122405005 (base 6) to base 7.
-26050004
What is 222202201010 (base 3) in base 14?
da006
Convert 3b273 (base 13) to base 3.
12121021112
-75755c (base 13) to base 15
-397372
Convert 60cc18 (base 14) to base 3.
20010201221221
1010001011011101110 (base 2) to base 16
516ee
Convert 130300150 (base 7) to base 4.
133212323233
What is -899688 (base 11) in base 5?
-331323403
What is 3491d0 (base 14) in base 6?
102225134
What is -c6a3 (base 14) in base 2?
-1000010111000111
Convert 430210011 (base 5) to base 3.
10101122021210
Convert 34162 (base 15) to base 12.
7ba78
-92cf6 (base 16) to base 4
-2102303312
Convert 367821 (base 13) to base 16.
13ddf3
Convert 304321134 (base 6) to base 13.
111b4c4
-1100011001011010101 (base 2) to base 16
-632d5
Convert -3403323313 (base 5) to base 13.
-171b74a
What is -1ce9 (base 16) in base 9?
-11133
Convert -4044011114 (base 5) to base 3.
-120102000012210
What is 111012112010 (base 3) in base 2?
111111011101000001
Convert -1049914 (base 12) to base 5.
-1242221132
What is 1010010111101001110010 (base 2) in base 15?
38a667
Convert 33203102112 (base 4) to base 2.
1111100011010010010110
Convert 2aa001 (base 13) to base 6.
34301515
11011111011011110101111 (base 2) to base 9
14688211
Convert -9d7348 (base 14) to base 11.
-30308a0
Convert 264324 (base 8) to base 16.
168d4
-3120041041 (base 5) to base 16
-61cac0
1514455 (base 7) to base 3
101110011021
-736c3b (base 13) to base 6
-133511550
1051641 (base 7) to base 2
11111110100010000
Convert 4175416 (base 8) to base 3.
2002112112112
Convert 11566531 (base 7) to base 5.
231320313
What is 3023024 (base 5) in base 16?
bd82
Convert -334480 (base 14) to base 16.
-1a8f30
5450526 (base 7) to base 2
10100011000001011111
Convert -23302 (base 15) to base 16.
-1b5b4
What is -6253b3 (base 12) in base 14?
-2c27c3
Convert -423063 (base 7) to base 15.
-169d9
b565b (base 15) to base 8
2143322
-485667 (base 10) to base 3
-220200012200
Convert 34000160 (base 7) to base 16.
2ce184
What is -3403220 (base 6) in base 5?
-20444204
Convert 2235737 (base 8) to base 10.
605151
What is -225410303 (base 7) in base 2?
-110100110001100111011000
What is 2478432 (base 9) in base 2?
101001001111000010110
-8a03a (base 14) to base 16
-51be4
-60a2a (base 15) to base 9
-515724
What is 37d0a (base 14) in base 5?
13341024
Convert -8053759 (base 10) to base 2.
-11110101110001111111111
3230243 (base 7) to base 9
660278
What is -5847dc (base 16) in base 10?
-5785564
40423301 (base 5) to base 12
139091
Convert -707343 (base 13) to base 11.
-1526756
Convert 56dc5 (base 14) to base 2.
110011100101000001
111301321221 (base 4) to base 6
322212253
159a843 (base 14) to base 6
1015015455
236774 (base 9) to base 10
142789
2400201432 (base 5) to base 4
110320232222
21012020202122 (base 3) to base 9
7166678
Convert 132200120 (base 4) to base 8.
364030
Convert 1855a9 (base 11) to base 16.
45b76
What is 60b01b (base 12) in base 6?
52224035
What is 150394 (base 13) in base 9?
864057
Convert 689b1 (base 15) to base 8.
1212215
3033000010 (base 4) to base 2
11001111000000000100
-7631a6 (base 15) to base 12
-1a76049
Convert -20012100201 (base 3) to base 13.
-436c0
34443002 (base 5) to base 8
1141674
What is -10000110111001011 (base 2) in base 15?
-156e7
Convert 222311303303 (base 4) to base 2.
101010110101110011110011
What is -4033110424 (base 5) in base 11?
-4630948
1010000110100111011000 (base 2) to base 14
4cd2d2
What is -45531255 (base 6) in base 5?
-324133430
Convert -21120210202212 (base 3) to base 8.
-17301344
What is -7e1b5d (base 15) in base 14?
-b2d8c9
Convert c8910 (base 16) to base 9.
1481820
Convert -113102133 (base 4) to base 10.
-95391
What is -6a52d4 (base 15) in base 6?
-300514344
Convert 1010100010101001011 (base 2) to base 3.
122112211022
18b42 (base 16) to base 13
37097
193779 (base 11) to base 15
5d34b
Convert -1010221011021000 (base 3) to base 7.
-256503252
Convert 24d74 (base 14) to base 9.
147068
What is 10100001111111100111101 (base 2) in base 13?
113b179
Convert 2657c (base 13) to base 6.
1305512
-14d746 (base 15) to base 7
-11364000
-178b08 (base 12) to base 13
-114464
-114065121 (base 7) to base 6
-411351113
What is -40464 (base 10) in base 4?
-21320100
What is 12201132320 (base 4) in base 12?
6a5708
-660522 (base 12) to base 14
-3019c6
What is -1103476 (base 8) in base 15?
-5cde6
What is 614431 (base 7) in base 4?
121212001
Convert -185041c (base 13) to base 16.
-792a33
33ab69 (base 15) to base 9
4568140
Convert -55c18c (base 13) to base 7.
-23135320
12476a (base 12) to base 15
5d5c1
-83ac8 (base 14) to base 15
-641eb
15c34c (base 15) to base 5
232204442
Convert -31313233130 (base 4) to base 9.
-6751818
-2352